{"id":29,"date":"2023-05-29T12:23:50","date_gmt":"2023-05-29T12:23:50","guid":{"rendered":"https:\/\/jokupojat.fi\/?page_id=29"},"modified":"2025-07-17T13:18:48","modified_gmt":"2025-07-17T13:18:48","slug":"palvelut","status":"publish","type":"page","link":"https:\/\/jokupojat.fi\/index.php\/palvelut\/","title":{"rendered":"Palvelut"},"content":{"rendered":"\t\t<div data-elementor-type=\"wp-page\" data-elementor-id=\"29\" class=\"elementor elementor-29\">\n\t\t\t\t<div class=\"elementor-element elementor-element-9ca5d70 e-con-full e-flex e-con e-parent\" data-id=\"9ca5d70\" data-element_type=\"container\">\n\t\t<div class=\"elementor-element elementor-element-c1658e9 e-con-full e-flex e-con e-child\" data-id=\"c1658e9\" data-element_type=\"container\">\n\t\t\t\t<div class=\"elementor-element elementor-element-8432b4a elementor-widget elementor-widget-heading\" data-id=\"8432b4a\" data-element_type=\"widget\" data-widget_type=\"heading.default\">\n\t\t\t\t\t<h2 class=\"elementor-heading-title elementor-size-default\">Palvelumme<\/h2>\t\t\t\t<\/div>\n\t\t\t\t<div class=\"elementor-element elementor-element-5c69a22 elementor-widget elementor-widget-text-editor\" data-id=\"5c69a22\" data-element_type=\"widget\" data-widget_type=\"text-editor.default\">\n\t\t\t\t\t\t\t\t\t<h3 data-start=\"134\" data-end=\"162\"><strong data-start=\"138\" data-end=\"160\">Kylpyhuoneremontit<\/strong><\/h3><p data-start=\"163\" data-end=\"439\">Toteutamme kokonaisvaltaiset kylpyhuoneremontit avaimet k\u00e4teen -palveluna. Remontti sis\u00e4lt\u00e4\u00e4 purkuty\u00f6t, pohjaty\u00f6t, vedeneristykset, laatoitukset sek\u00e4 kalusteiden ja vesikalusteiden asennukset. Toimimme voimassa olevien rakennusm\u00e4\u00e4r\u00e4ysten ja vedeneristysstandardien mukaisesti.<\/p><h3 data-start=\"441\" data-end=\"476\"><strong data-start=\"445\" data-end=\"474\">Lattial\u00e4mmityksen asennus<\/strong><\/h3><p data-start=\"477\" data-end=\"671\">Asennamme s\u00e4hk\u00f6isen ja vesikiertoisen lattial\u00e4mmityksen s\u00e4hk\u00f6- ja putkit\u00f6ineen.<\/p><h3 data-start=\"673\" data-end=\"714\"><strong data-start=\"677\" data-end=\"712\">Kartoitusk\u00e4ynti ennen remonttia<\/strong><\/h3><p data-start=\"715\" data-end=\"908\">Tarjoamme maksuttoman kartoitusk\u00e4ynnin, jonka aikana kartoitamme kohteen kunnon, asiakkaan toiveet ja remontin laajuuden. K\u00e4ynnin perusteella laadimme realistisen aikataulun ja kustannusarvion.<\/p><h3 data-start=\"910\" data-end=\"936\"><strong data-start=\"914\" data-end=\"934\">Vaativampi kokonaisuus<\/strong><\/h3><p data-start=\"937\" data-end=\"1095\">Autamme sinua suunnittelusta valmiiseen lopputulokseen vaativissakin kokonaisuuksissa. Kylpyhuoneremontit avaimet k\u00e4teen-periaatteella s\u00e4hk\u00f6t\u00f6ineen sovitussa aikataulussa.<\/p><h3 data-start=\"1097\" data-end=\"1147\"><strong data-start=\"1101\" data-end=\"1145\">Rakentaminen ja remontointi<\/strong><\/h3><p data-start=\"1148\" data-end=\"1324\">Toteutamme laadukkaat remontit kokemuksella sek\u00e4 aidolla ammattiylpeydell\u00e4 p\u00e4\u00e4kaupunkiseudulla.<\/p>\t\t\t\t\t\t\t\t<\/div>\n\t\t\t\t<\/div>\n\t\t<div class=\"elementor-element elementor-element-7882a24 e-con-full e-flex e-con e-child\" data-id=\"7882a24\" data-element_type=\"container\" data-settings=\"{&quot;background_background&quot;:&quot;classic&quot;}\">\n\t\t\t\t<div class=\"elementor-element elementor-element-d09bdf4 elementor-widget elementor-widget-spacer\" data-id=\"d09bdf4\" data-element_type=\"widget\" data-widget_type=\"spacer.default\">\n\t\t\t\t\t\t\t<div class=\"elementor-spacer\">\n\t\t\t<div class=\"elementor-spacer-inner\"><\/div>\n\t\t<\/div>\n\t\t\t\t\t\t<\/div>\n\t\t\t\t<\/div>\n\t\t\t\t<\/div>\n\t\t<div class=\"elementor-element elementor-element-51ee4de e-flex e-con-boxed e-con e-parent\" data-id=\"51ee4de\" data-element_type=\"container\">\n\t\t\t\t\t<div class=\"e-con-inner\">\n\t\t\t\t<div class=\"elementor-element elementor-element-b58c173 elementor-shape-circle elementor-grid-0 e-grid-align-center elementor-widget elementor-widget-social-icons\" data-id=\"b58c173\" data-element_type=\"widget\" data-widget_type=\"social-icons.default\">\n\t\t\t\t\t\t\t<div class=\"elementor-social-icons-wrapper elementor-grid\" role=\"list\">\n\t\t\t\t\t\t\t<span class=\"elementor-grid-item\" role=\"listitem\">\n\t\t\t\t\t<a class=\"elementor-icon elementor-social-icon elementor-social-icon-facebook elementor-animation-pulse elementor-repeater-item-f50a61e\" href=\"https:\/\/www.facebook.com\/p\/Joku-Pojat-Oy-100090398433813\/\" target=\"_blank\">\n\t\t\t\t\t\t<span class=\"elementor-screen-only\">Facebook<\/span>\n\t\t\t\t\t\t<svg class=\"e-font-icon-svg e-fab-facebook\" viewBox=\"0 0 512 512\" xmlns=\"http:\/\/www.w3.org\/2000\/svg\"><path d=\"M504 256C504 119 393 8 256 8S8 119 8 256c0 123.78 90.69 226.38 209.25 245V327.69h-63V256h63v-54.64c0-62.15 37-96.48 93.67-96.48 27.14 0 55.52 4.84 55.52 4.84v61h-31.28c-30.8 0-40.41 19.12-40.41 38.73V256h68.78l-11 71.69h-57.78V501C413.31 482.38 504 379.78 504 256z\"><\/path><\/svg>\t\t\t\t\t<\/a>\n\t\t\t\t<\/span>\n\t\t\t\t\t\t\t<span class=\"elementor-grid-item\" role=\"listitem\">\n\t\t\t\t\t<a class=\"elementor-icon elementor-social-icon elementor-social-icon-instagram elementor-animation-pulse elementor-repeater-item-6624c9b\" href=\"https:\/\/www.instagram.com\/jokupojat\/#\" target=\"_blank\">\n\t\t\t\t\t\t<span class=\"elementor-screen-only\">Instagram<\/span>\n\t\t\t\t\t\t<svg class=\"e-font-icon-svg e-fab-instagram\" viewBox=\"0 0 448 512\" xmlns=\"http:\/\/www.w3.org\/2000\/svg\"><path d=\"M224.1 141c-63.6 0-114.9 51.3-114.9 114.9s51.3 114.9 114.9 114.9S339 319.5 339 255.9 287.7 141 224.1 141zm0 189.6c-41.1 0-74.7-33.5-74.7-74.7s33.5-74.7 74.7-74.7 74.7 33.5 74.7 74.7-33.6 74.7-74.7 74.7zm146.4-194.3c0 14.9-12 26.8-26.8 26.8-14.9 0-26.8-12-26.8-26.8s12-26.8 26.8-26.8 26.8 12 26.8 26.8zm76.1 27.2c-1.7-35.9-9.9-67.7-36.2-93.9-26.2-26.2-58-34.4-93.9-36.2-37-2.1-147.9-2.1-184.9 0-35.8 1.7-67.6 9.9-93.9 36.1s-34.4 58-36.2 93.9c-2.1 37-2.1 147.9 0 184.9 1.7 35.9 9.9 67.7 36.2 93.9s58 34.4 93.9 36.2c37 2.1 147.9 2.1 184.9 0 35.9-1.7 67.7-9.9 93.9-36.2 26.2-26.2 34.4-58 36.2-93.9 2.1-37 2.1-147.8 0-184.8zM398.8 388c-7.8 19.6-22.9 34.7-42.6 42.6-29.5 11.7-99.5 9-132.1 9s-102.7 2.6-132.1-9c-19.6-7.8-34.7-22.9-42.6-42.6-11.7-29.5-9-99.5-9-132.1s-2.6-102.7 9-132.1c7.8-19.6 22.9-34.7 42.6-42.6 29.5-11.7 99.5-9 132.1-9s102.7-2.6 132.1 9c19.6 7.8 34.7 22.9 42.6 42.6 11.7 29.5 9 99.5 9 132.1s2.7 102.7-9 132.1z\"><\/path><\/svg>\t\t\t\t\t<\/a>\n\t\t\t\t<\/span>\n\t\t\t\t\t<\/div>\n\t\t\t\t\t\t<\/div>\n\t\t\t\t<div class=\"elementor-element elementor-element-90d79ce elementor-widget elementor-widget-copyright\" data-id=\"90d79ce\" data-element_type=\"widget\" data-settings=\"{&quot;align&quot;:&quot;right&quot;}\" data-widget_type=\"copyright.default\">\n\t\t\t\t<div class=\"elementor-widget-container\">\n\t\t\t\t\t\t\t<div class=\"hfe-copyright-wrapper\">\n\t\t\t\t\t\t\t<span>Copyright \u00a9 2026 Joku Pojat Oy<\/span>\n\t\t\t\t\t<\/div>\n\t\t\t\t\t\t<\/div>\n\t\t\t\t<\/div>\n\t\t\t\t<div class=\"elementor-element elementor-element-fc1aedb elementor-widget elementor-widget-text-editor\" data-id=\"fc1aedb\" data-element_type=\"widget\" data-widget_type=\"text-editor.default\">\n\t\t\t\t\t\t\t\t\t<p>Joku Pojat Oy<br \/>Knuutintie 3, 02400 Kirkkonummi<br \/>Y-tunnus: 3339247-7<\/p>\t\t\t\t\t\t\t\t<\/div>\n\t\t\t\t\t<\/div>\n\t\t\t\t<\/div>\n\t\t\t\t<\/div>\n\t\t","protected":false},"excerpt":{"rendered":"<p>Palvelumme Kylpyhuoneremontit Toteutamme kokonaisvaltaiset kylpyhuoneremontit avaimet k\u00e4teen -palveluna. Remontti sis\u00e4lt\u00e4\u00e4 purkuty\u00f6t, pohjaty\u00f6t, vedeneristykset, laatoitukset sek\u00e4 kalusteiden ja vesikalusteiden asennukset. Toimimme voimassa olevien rakennusm\u00e4\u00e4r\u00e4ysten ja vedeneristysstandardien mukaisesti. Lattial\u00e4mmityksen asennus Asennamme s\u00e4hk\u00f6isen ja vesikiertoisen lattial\u00e4mmityksen s\u00e4hk\u00f6- ja putkit\u00f6ineen. Kartoitusk\u00e4ynti ennen remonttia Tarjoamme &hellip; <\/p>\n","protected":false},"author":1,"featured_media":0,"parent":0,"menu_order":0,"comment_status":"closed","ping_status":"closed","template":"elementor_header_footer","meta":{"footnotes":""},"class_list":["post-29","page","type-page","status-publish","hentry"],"yoast_head":"<!-- This site is optimized with the Yoast SEO plugin v25.4 - https:\/\/yoast.com\/wordpress\/plugins\/seo\/ -->\n<title>Palvelut -<\/title>\n<meta name=\"robots\" content=\"index, follow, max-snippet:-1, max-image-preview:large, max-video-preview:-1\" \/>\n<link rel=\"canonical\" href=\"https:\/\/jokupojat.fi\/index.php\/palvelut\/\" \/>\n<meta property=\"og:locale\" content=\"fi_FI\" \/>\n<meta property=\"og:type\" content=\"article\" \/>\n<meta property=\"og:title\" content=\"Palvelut -\" \/>\n<meta property=\"og:description\" content=\"Palvelumme Kylpyhuoneremontit Toteutamme kokonaisvaltaiset kylpyhuoneremontit avaimet k\u00e4teen -palveluna. Remontti sis\u00e4lt\u00e4\u00e4 purkuty\u00f6t, pohjaty\u00f6t, vedeneristykset, laatoitukset sek\u00e4 kalusteiden ja vesikalusteiden asennukset. Toimimme voimassa olevien rakennusm\u00e4\u00e4r\u00e4ysten ja vedeneristysstandardien mukaisesti. Lattial\u00e4mmityksen asennus Asennamme s\u00e4hk\u00f6isen ja vesikiertoisen lattial\u00e4mmityksen s\u00e4hk\u00f6- ja putkit\u00f6ineen. Kartoitusk\u00e4ynti ennen remonttia Tarjoamme &hellip;\" \/>\n<meta property=\"og:url\" content=\"https:\/\/jokupojat.fi\/index.php\/palvelut\/\" \/>\n<meta property=\"article:modified_time\" content=\"2025-07-17T13:18:48+00:00\" \/>\n<meta name=\"twitter:card\" content=\"summary_large_image\" \/>\n<meta name=\"twitter:label1\" content=\"Arvioitu lukuaika\" \/>\n\t<meta name=\"twitter:data1\" content=\"1 minuutti\" \/>\n<script type=\"application\/ld+json\" class=\"yoast-schema-graph\">{\"@context\":\"https:\/\/schema.org\",\"@graph\":[{\"@type\":\"WebPage\",\"@id\":\"https:\/\/jokupojat.fi\/index.php\/palvelut\/\",\"url\":\"https:\/\/jokupojat.fi\/index.php\/palvelut\/\",\"name\":\"Palvelut -\",\"isPartOf\":{\"@id\":\"https:\/\/jokupojat.fi\/#website\"},\"datePublished\":\"2023-05-29T12:23:50+00:00\",\"dateModified\":\"2025-07-17T13:18:48+00:00\",\"breadcrumb\":{\"@id\":\"https:\/\/jokupojat.fi\/index.php\/palvelut\/#breadcrumb\"},\"inLanguage\":\"fi\",\"potentialAction\":[{\"@type\":\"ReadAction\",\"target\":[\"https:\/\/jokupojat.fi\/index.php\/palvelut\/\"]}]},{\"@type\":\"BreadcrumbList\",\"@id\":\"https:\/\/jokupojat.fi\/index.php\/palvelut\/#breadcrumb\",\"itemListElement\":[{\"@type\":\"ListItem\",\"position\":1,\"name\":\"Etusivu\",\"item\":\"https:\/\/jokupojat.fi\/\"},{\"@type\":\"ListItem\",\"position\":2,\"name\":\"Palvelut\"}]},{\"@type\":\"WebSite\",\"@id\":\"https:\/\/jokupojat.fi\/#website\",\"url\":\"https:\/\/jokupojat.fi\/\",\"name\":\"\",\"description\":\"Kuka hoitaa? Joku Pojat!\",\"potentialAction\":[{\"@type\":\"SearchAction\",\"target\":{\"@type\":\"EntryPoint\",\"urlTemplate\":\"https:\/\/jokupojat.fi\/?s={search_term_string}\"},\"query-input\":{\"@type\":\"PropertyValueSpecification\",\"valueRequired\":true,\"valueName\":\"search_term_string\"}}],\"inLanguage\":\"fi\"}]}<\/script>\n<!-- \/ Yoast SEO plugin. -->","yoast_head_json":{"title":"Palvelut -","robots":{"index":"index","follow":"follow","max-snippet":"max-snippet:-1","max-image-preview":"max-image-preview:large","max-video-preview":"max-video-preview:-1"},"canonical":"https:\/\/jokupojat.fi\/index.php\/palvelut\/","og_locale":"fi_FI","og_type":"article","og_title":"Palvelut -","og_description":"Palvelumme Kylpyhuoneremontit Toteutamme kokonaisvaltaiset kylpyhuoneremontit avaimet k\u00e4teen -palveluna. Remontti sis\u00e4lt\u00e4\u00e4 purkuty\u00f6t, pohjaty\u00f6t, vedeneristykset, laatoitukset sek\u00e4 kalusteiden ja vesikalusteiden asennukset. Toimimme voimassa olevien rakennusm\u00e4\u00e4r\u00e4ysten ja vedeneristysstandardien mukaisesti. Lattial\u00e4mmityksen asennus Asennamme s\u00e4hk\u00f6isen ja vesikiertoisen lattial\u00e4mmityksen s\u00e4hk\u00f6- ja putkit\u00f6ineen. Kartoitusk\u00e4ynti ennen remonttia Tarjoamme &hellip;","og_url":"https:\/\/jokupojat.fi\/index.php\/palvelut\/","article_modified_time":"2025-07-17T13:18:48+00:00","twitter_card":"summary_large_image","twitter_misc":{"Arvioitu lukuaika":"1 minuutti"},"schema":{"@context":"https:\/\/schema.org","@graph":[{"@type":"WebPage","@id":"https:\/\/jokupojat.fi\/index.php\/palvelut\/","url":"https:\/\/jokupojat.fi\/index.php\/palvelut\/","name":"Palvelut -","isPartOf":{"@id":"https:\/\/jokupojat.fi\/#website"},"datePublished":"2023-05-29T12:23:50+00:00","dateModified":"2025-07-17T13:18:48+00:00","breadcrumb":{"@id":"https:\/\/jokupojat.fi\/index.php\/palvelut\/#breadcrumb"},"inLanguage":"fi","potentialAction":[{"@type":"ReadAction","target":["https:\/\/jokupojat.fi\/index.php\/palvelut\/"]}]},{"@type":"BreadcrumbList","@id":"https:\/\/jokupojat.fi\/index.php\/palvelut\/#breadcrumb","itemListElement":[{"@type":"ListItem","position":1,"name":"Etusivu","item":"https:\/\/jokupojat.fi\/"},{"@type":"ListItem","position":2,"name":"Palvelut"}]},{"@type":"WebSite","@id":"https:\/\/jokupojat.fi\/#website","url":"https:\/\/jokupojat.fi\/","name":"","description":"Kuka hoitaa? Joku Pojat!","potentialAction":[{"@type":"SearchAction","target":{"@type":"EntryPoint","urlTemplate":"https:\/\/jokupojat.fi\/?s={search_term_string}"},"query-input":{"@type":"PropertyValueSpecification","valueRequired":true,"valueName":"search_term_string"}}],"inLanguage":"fi"}]}},"_links":{"self":[{"href":"https:\/\/jokupojat.fi\/index.php\/wp-json\/wp\/v2\/pages\/29","targetHints":{"allow":["GET"]}}],"collection":[{"href":"https:\/\/jokupojat.fi\/index.php\/wp-json\/wp\/v2\/pages"}],"about":[{"href":"https:\/\/jokupojat.fi\/index.php\/wp-json\/wp\/v2\/types\/page"}],"author":[{"embeddable":true,"href":"https:\/\/jokupojat.fi\/index.php\/wp-json\/wp\/v2\/users\/1"}],"replies":[{"embeddable":true,"href":"https:\/\/jokupojat.fi\/index.php\/wp-json\/wp\/v2\/comments?post=29"}],"version-history":[{"count":37,"href":"https:\/\/jokupojat.fi\/index.php\/wp-json\/wp\/v2\/pages\/29\/revisions"}],"predecessor-version":[{"id":294,"href":"https:\/\/jokupojat.fi\/index.php\/wp-json\/wp\/v2\/pages\/29\/revisions\/294"}],"wp:attachment":[{"href":"https:\/\/jokupojat.fi\/index.php\/wp-json\/wp\/v2\/media?parent=29"}],"curies":[{"name":"wp","href":"https:\/\/api.w.org\/{rel}","templated":true}]}}